/(4/(-282)).
35
Let o(n) = -6*n + 61. Let c be o(26). Let y = c - -258. Calculate the remainder when y is divided by 55.
53
Let i(y) = -2*y - 14. Let d be i(-7). Suppose 45 = -d*c + c. Calculate the remainder when c is divided by 12.
9
Suppose v + 2*a - 380 = 0, 551 = 2*v - 3*a - 244. Suppose -v = -10*c + 5*c. Calculate the remainder when c is divided by 16.
14
Let b = 31 + -26. Suppose -f = -29 - b. What is the remainder when f is divided by 18?
16
Let d(m) = 4*m + 48. Let q(n) = -5*n**3 - n**2 + 3*n + 3. Let a be q(-2). Let t = 93 - a. What is the remainder when t is divided by d(-8)?
12
Let w(r) = -r - 10. Let o be w(-15). Let d = -7 - o. What is the remainder when ((-16)/d)/(-4)*-66 is divided by 13?
9
Let h = -414 - -749. What is the remainder when h is divided by 24?
23
Calculate the remainder when 516 is divided by 34 + (-2)/10 + 456/(-95).
23
Suppose c + c - 70 = 5*o, 2 = o. Let r = -106 + 116. Calculate the remainder when ((-57)/(-4))/(r/c) is divided by 15.
12
Let p = -400 + 497. Let r = 18 - 7. Calculate the remainder when p is divided by r.
9
Suppose -898 = -11*s - 7. What is the remainder when s is divided by 44?
37
Suppose 2*v = w - 54, -2*v = 2*w - 5*v - 111. Suppose -4*p = -0*p - w. What is the remainder when 33 is divided by (5/p)/((-1)/(-54))?
15
What is the remainder when 1/((-35)/(-2020)) + (-4)/(-14) is divided by 22 - 1/(-2)*-4?
18
Let i = 5 + 2. Calculate the remainder when -5 - -2 - (-320)/5 is divided by i.
5
Suppose 3*v - 7*v = 6*v. Suppose 4*w + 3*j - 186 = 3*w, -j - 1 = v. What is the remainder when w is divided by 19?
18
Suppose 5*n + 420 = 4*p - 24, 2*p - 192 = -5*n. Calculate the remainder when p is divided by 68.
38
Suppose -4*t + 5*f + 240 = 0, -6*t - f = -8*t + 120. What is the remainder when t is divided by 26?
8
What is the remainder when (-8)/10*(-16 - 119) is divided by 55?
53
Let n = -59 + 59. Suppose n = -4*o + 182 - 18. What is the remainder when 162 is divided by o?
39
Let s = 11 + 0. Suppose -3*v + 5*v + 3*f = 0, 0 = v - 3*f. Suppose -u = 4*t - 123, v*u = -2*t + 2*u + 54. Calculate the remainder when t is divided by s.
8
Let t = 114 + -78. Suppose -5*y - 9 = 4*q + 9, 5*y = -q - 12. Calculate the remainder when t is divided by y/(-8) + 507/52.
6
Let m(k) be the second derivative of 17*k**5/20 - k**4/6 + k**3/6 + k. Let u(q) = 96*q - 1202. Calculate the remainder when u(13) is divided by m(1).
14
Let p = -408 + 1030. What is the remainder when p is divided by 104?
102
Suppose -2*w + 132 = -4*m, -3*m - 272 = -3*w - 65. Let q = 404 - 385. Calculate the remainder when w is divided by q.
15
Calculate the remainder when 0/(-7 - -9) + 2274 is divided by 7.
6
Let c = 28 - 16. Suppose -24 = -3*t - 0*k + 3*k, 5*t - 2*k - 49 = 0. What is the remainder when -86*(-2 + c/8) is divided by t?
10
What is the remainder when 177 is divided by (10/(-1))/(22/(-44))?
17
Let s(q) = -q**3 + 4*q**2 + 23*q - 24. Calculate the remainder when 218 is divided by s(6).
8
Suppose -p = -2*p. Suppose 3*u + j = 10 - 2, -5*u + 5*j + 20 = 0. What is the remainder when p + 2 - (u - 3) is divided by 2?
0
Let k be (-616)/14*(2 + -1). Let x = k + 69. Let u = x - 11. Calculate the remainder when u is divided by 4.
2
Let g be -4 + -3 + 8 + 1. Suppose -4*h - g*m + 362 = -h, 3*m + 357 = 3*h. Calculate the remainder when h is divided by 41.
38
Let j = -239 + 250. Calculate the remainder when 53 is divided by j.
9
Suppose 2*n - 1458 = -4*q, 4*q - 21*n - 1479 = -16*n. What is the remainder when q is divided by 23?
21
Let p be (-2)/3 + (-374)/33. Let a be (6/p)/(1/(-82)). Let b = a - 20. Calculate the remainder when b is divided by 12.
9
Let b = 257 + -121. Let p = -92 + b. What is the remainder when 85 is divided by p?
41
Suppose 37 = -4*v + 49. Calculate the remainder when (-102)/6*(2 - v)*1 is divided by 5.
2
Let a = 1243 + -1210. Let t(i) = -43*i. Calculate the remainder when t(-3) is divided by a.
30
Suppose 3*k - 135 = -4*a, 4*a = -k + a + 40. Suppose -b - k = -63. Calculate the remainder when b is divided by 8.
6
Suppose 18*i + 4 - 346 = 0. Suppose 2*h = 118 + 12. Let y = 139 - h. Calculate the remainder when y is divided by i.
17
Suppose -s + 29 = 2*d, 4*d - 46 = 5*s + 47. Calculate the remainder when 40 is divided by d.
6
Let u be (72/(-30))/(3/(-10)). Suppose 0 = 5*m + u - 93. Calculate the remainder when 28 is divided by m.
11
Let b(q) be the third derivative of q**4/24 - 2*q**3/3 + 7*q**2. Calculate the remainder when 35 is divided by b(13).
8
Let n = 12 - -13. Suppose -4*j = n - 233. What is the remainder when j is divided by 27?
25
Let l(f) = -2*f**3 + 12*f**2 + 61*f - 343. What is the remainder when 2/4 + (-322)/(-4) is divided by l(5)?
9
Suppose 0 = w + 3*d + 2, -6*d - 31 = -4*w - 5*d. What is the remainder when 31 is divided by w?
3
What is the remainder when 5/20*0 + 34 is divided by (-6 - -5)/(1/(-9))?
7
Suppose -10*j - 30 = -4*i - 12*j, -3*j - 36 = -3*i. What is the remainder when 24 is divided by i?
6
Suppose -7 = -a + 7. Let n(m) = m**2 - 11*m + 21. Let u be n(9). What is the remainder when a is divided by (u + 1)*(4 - 2)?
6
Let h(v) = -v + 10. Let f = -12 - -19. Let x be h(f). Suppose 3*j + 2*t - 68 = 0, 0 = x*t + 2 - 5. What is the remainder when j is divided by 12?
10
Let o = 34 - 71. Let s = o + 45. Calculate the remainder when 47 is divided by s.
7
Let o(k) = k**3 - k - 6. Let p be o(0). Let b = -16 - -37. Calculate the remainder when b is divided by (2/(-3))/(p/99).
10
Suppose -488 = -1422*m + 1414*m. Calculate the remainder when 119 is divided by m.
58
Let c(j) = -j**2 - 9*j - 6. Let f be c(-7). Suppose w = 2*d - 3*w - 54, f = 4*w. What is the remainder when d is divided by 7?
3
Let v = -188 + 84. Let l = v - -119. What is the remainder when 57 is divided by l?
12
Let l be 8*(10/2 - 3). Calculate the remainder when 107 is divided by 9/(-6)*(4 - l).
17
Let g(r) = r**2 - 13*r - 12. What is the remainder when 718 is divided by g(15)?
16
Let h(s) = -s**2 + 10*s - 18. Let u be h(11). Let o = u - -37. Suppose -3*g + 50 + 19 = 0. Calculate the remainder when g is divided by o.
7
Suppose 3 = -4*q + 59. Let o = 21 + -14. Suppose -o*v + 8*v = 8. What is the remainder when q is divided by v?
6
Let w = 187 + -175. What is the remainder when 62 is divided by w?
2
Let l = 181 + -173. Calculate the remainder when 254 is divided by l.
6
Suppose 848*l - 405 = 845*l. What is the remainder when l is divided by 130?
5
Let w(c) = 0 + 3*c**2 - 6 + c**2 - 2*c**2. Suppose 30 = -v - 9*v. Calculate the remainder when 23 is divided by w(v).
11
Suppose 0*r + 4*r - 36 = 0. Let f = 11 - r. Suppose -3*t = f*t - 40. What is the remainder when t is divided by 2?
0
Let u = 110 + -83. What is the remainder when 265 is divided by u?
22
What is the remainder when 53 is divided by (255/40 - 6)*72?
26
Let t be 32*(-3)/18*-3. Let y = t - 3. Let n = 650 + -614. What is the remainder when n is divided by y?
10
Suppose 4*c + 0*c - 20 = 0. Suppose -2*w = 2*j, -3 = -c*w + 2. Calculate the remainder when 39 is divided by j/(-3) - (-82)/6.
11
Let m(n) = -n**3 - 8*n**2 + 13*n + 12. Let l be m(-9). Let b = 40 + l. Calculate the remainder when b is divided by 6.
4
Let y = 12 - 10. Let q be y/(-5) + 67/5. Suppose 4*a - 2*f + q = 49, -2*f - 27 = -3*a. Calculate the remainder when 15 is divided by a.
6
Suppose 4*q = -3*w + 393, 46 - 438 = -4*q - 4*w. Suppose 0*i + 5*i = -j + 97, -2*j = 5*i - q. Calculate the remainder when i is divided by 12.
7
Let j be 1*((-15)/6)/((-2)/4). Suppose 0 = 9*b + j*b - 308. What is the remainder when b is divided by 6?
4
Let x = 349 + -323. What is the remainder when 59 is divided by x?
7
Let j(d) = -3*d**3 - 12*d**2 - 11*d + 35. What is the remainder when j(-7) is divided by 15?
13
Let h(z) = z**2 + 10*z + 6. Let n be h(-5). What is the remainder when 30 is divided by (12 - 11)*(-4 - -2 - n)?
13
Let u(s) = s**2 + 3*s - 15. Suppose -3*c - 16 = -58. Calculate the remainder when u(-8) is divided by c.
11
Suppose 4*j - 4 = 5*c + 9, 2*j + 4*c = 0. Suppose 0*m - 2*m = -10, -j*o + 27 = 5*m. What is the remainder when 20 - ((o - 2) + -2) is divided by 12?
11
Suppose -4*t + 205 = 5*n - 3*t, -5*n = 4*t - 220. Suppose -20 = 5*b, 0 = -0*s - 2*s + b + n. What is the remainder when 196 is divided by s?
16
Let x(q) = q**3 + 8*q**2 - 29*q + 7. What is th